{"id":6216,"date":"2021-03-21T09:34:41","date_gmt":"2021-03-21T12:34:41","guid":{"rendered":"https:\/\/www.edictiosapiens.com\/?post_type=product&#038;p=6216"},"modified":"2021-03-30T17:04:18","modified_gmt":"2021-03-30T20:04:18","slug":"montessori-e-as-novas-tecnologias","status":"publish","type":"product","link":"https:\/\/www.edictiosapiens.com\/edictiosapiens\/produto\/montessori-e-as-novas-tecnologias\/","title":{"rendered":"Montessori e as novas tecnologias."},"content":{"rendered":"<p><strong>Montessori e as novas tecnologias.<\/strong><\/p>\n<p>\u00ab<em>Neste ponto, \u00e9 necess\u00e1ria uma reflex\u00e3o: a civiliza\u00e7\u00e3o deu ao homem, por meio das m\u00e1quinas, um poder muito maior do que era o seu, mas, para que a obra da civiliza\u00e7\u00e3o se desenvolva, o homem tamb\u00e9m deve se desenvolver. O mal que aflige a nossa \u00e9poca vem do desequil\u00edbrio originando-se da diferen\u00e7a de ritmo segundo o qual o homem e a m\u00e1quina evolu\u00edram: a m\u00e1quina avan\u00e7ou com grande velocidade enquanto o homem ficou para tr\u00e1s. Assim ele vive na depend\u00eancia da m\u00e1quina, enquanto deveria ser ele a domin\u00e1-la \u201d. (<\/em>Maria Montessori, da inf\u00e2ncia \u00e0 adolesc\u00eancia)<\/p>\n<p><em>&#8220;Acredito [&#8230;] que a introdu\u00e7\u00e3o de ajudas mec\u00e2nicas se tornar\u00e1 uma necessidade geral nas escolas do futuro. [&#8230;] Gostaria de enfatizar, no entanto, que essas ajudas mec\u00e2nicas n\u00e3o s\u00e3o suficientes para atingir a totalidade de Educa\u00e7\u00e3o.&#8221; (<\/em>Maria Montessori, Introduction on the Use of Mechanical Alds)<\/p>\n<p>Webinar com <span style=\"color: #ff0000;\"><strong>Silvia Brambilla<\/strong><\/span> baseado no livro de\u00a0Valle, M. (2017). \u00a0<em>La pedagogia Montessori e le nuove tecnologie: un&#8217;integrazione possibile?<\/em>. Torino: Il leone verde.<\/p>\n<p><span style=\"color: #ff0000;\"><strong>Silvia Brambilla <\/strong><\/span>, italiana, professora Montessori e fundadora do Col\u00e9gio Montessori Rainha da Paz em Aracati -CE Educa\u00e7\u00e3o infantil, Ensino Fundamental I e II<\/p>\n<p>Tradutora para o portugu\u00eas do livro <em>Psicogramatica<\/em> de M. Montessori &#8211; 1\u00aaED.(2020) editora: KIRION<\/p>\n<p>Amiga de <strong>Mario Valle<\/strong> e de <strong>Grazia Honegger Fresco<\/strong> que foi aluna de Adele Costa Gnocchi e Maria Montessori.<\/p>\n<p>Pr\u00f3ximo curso: <strong>de 12 a 13 de Abril de 2021<\/strong><\/p>\n<p>Hor\u00e1rio: de<strong> 19:30<\/strong> \u00e0s <strong>21:30 h<\/strong><\/p>\n<p><strong>SEDE:<\/strong> On-line ao vivo.<\/p>\n<p>Para demais informa\u00e7\u00f5es\u00a0 contate: <strong>info<\/strong><strong>@edictiosapiens.com<\/strong><\/p>\n<p>&nbsp;<\/p>\n","protected":false},"excerpt":{"rendered":"<h4>Montessori e as novas tecnologias.<\/h4>\n<p>Webinar com <span style=\"color: #ff0000;\"><strong>Silvia Brambilla<\/strong><\/span> baseado no livro de\u00a0Valle, M. (2017). \u00a0<em>La pedagogia Montessori e le nuove tecnologie: un&#8217;integrazione possibile?<\/em>. Torino: Il leone verde.<\/p>\n","protected":false},"featured_media":6294,"comment_status":"closed","ping_status":"closed","template":"","meta":[],"_links":{"self":[{"href":"https:\/\/www.edictiosapiens.com\/edictiosapiens\/wp-json\/wp\/v2\/product\/6216"}],"collection":[{"href":"https:\/\/www.edictiosapiens.com\/edictiosapiens\/wp-json\/wp\/v2\/product"}],"about":[{"href":"https:\/\/www.edictiosapiens.com\/edictiosapiens\/wp-json\/wp\/v2\/types\/product"}],"replies":[{"embeddable":true,"href":"https:\/\/www.edictiosapiens.com\/edictiosapiens\/wp-json\/wp\/v2\/comments?post=6216"}],"wp:featuredmedia":[{"embeddable":true,"href":"https:\/\/www.edictiosapiens.com\/edictiosapiens\/wp-json\/wp\/v2\/media\/6294"}],"wp:attachment":[{"href":"https:\/\/www.edictiosapiens.com\/edictiosapiens\/wp-json\/wp\/v2\/media?parent=6216"}],"curies":[{"name":"wp","href":"https:\/\/api.w.org\/{rel}","templated":true}]}}

<p><strong>Montessori e as novas tecnologias.</strong></p>
<p>«<em>Neste ponto, é necessária uma reflexão: a civilização deu ao homem, por meio das máquinas, um poder muito maior do que era o seu, mas, para que a obra da civilização se desenvolva, o homem também deve se desenvolver. O mal que aflige a nossa época vem do desequilíbrio originando-se da diferença de ritmo segundo o qual o homem e a máquina evoluíram: a máquina avançou com grande velocidade enquanto o homem ficou para trás. Assim ele vive na dependência da máquina, enquanto deveria ser ele a dominá-la ”. (</em>Maria Montessori, da infância à adolescência)</p>
<p><em>&#8220;Acredito [&#8230;] que a introdução de ajudas mecânicas se tornará uma necessidade geral nas escolas do futuro. [&#8230;] Gostaria de enfatizar, no entanto, que essas ajudas mecânicas não são suficientes para atingir a totalidade de Educação.&#8221; (</em>Maria Montessori, Introduction on the Use of Mechanical Alds)</p>
<p>Webinar com <span style="color: #ff0000;"><strong>Silvia Brambilla</strong></span> baseado no livro de Valle, M. (2017).  <em>La pedagogia Montessori e le nuove tecnologie: un&#8217;integrazione possibile?</em>. Torino: Il leone verde.</p>
<p><span style="color: #ff0000;"><strong>Silvia Brambilla </strong></span>, italiana, professora Montessori e fundadora do Colégio Montessori Rainha da Paz em Aracati -CE Educação infantil, Ensino Fundamental I e II</p>
<p>Tradutora para o português do livro <em>Psicogramatica</em> de M. Montessori &#8211; 1ªED.(2020) editora: KIRION</p>
<p>Amiga de <strong>Mario Valle</strong> e de <strong>Grazia Honegger Fresco</strong> que foi aluna de Adele Costa Gnocchi e Maria Montessori.</p>
<p>Próximo curso: <strong>de 12 a 13 de Abril de 2021</strong></p>
<p>Horário: de<strong> 19:30</strong> às <strong>21:30 h</strong></p>
<p><strong>SEDE:</strong> On-line ao vivo.</p>
<p>Para demais informações  contate: <strong>info</strong><strong>@edictiosapiens.com</strong></p>
<p>&nbsp;</p>
