{"id":85,"date":"2019-05-21T14:12:38","date_gmt":"2019-05-21T17:12:38","guid":{"rendered":"http:\/\/localhost\/edictiosapiens\/?post_type=product&#038;p=85"},"modified":"2021-03-30T20:41:37","modified_gmt":"2021-03-30T23:41:37","slug":"neolitico-as-origens-da-civilizacao","status":"publish","type":"product","link":"https:\/\/www.edictiosapiens.com\/edictiosapiens\/produto\/neolitico-as-origens-da-civilizacao\/","title":{"rendered":"Neol\u00edtico: as origens da civiliza\u00e7\u00e3o"},"content":{"rendered":"<p><img loading=\"lazy\" class=\"aligncenter wp-image-67 size-medium\" src=\"https:\/\/www.edictiosapiens.com\/edictiosapiens\/wp-content\/uploads\/2019\/05\/N2Rid-300x150-300x150.jpg\" alt=\"\" width=\"300\" height=\"150\" \/><\/p>\n<p><img loading=\"lazy\" class=\"aligncenter wp-image-63 size-medium\" src=\"https:\/\/www.edictiosapiens.com\/edictiosapiens\/wp-content\/uploads\/2019\/05\/Livro-Neo-300x169-300x169.jpg\" alt=\"\" width=\"300\" height=\"169\" \/><\/p>\n<p>Linha falada + Linha muda + 50 imagens destacadas + Livro para o professor.<\/p>\n","protected":false},"excerpt":{"rendered":"<p>As altera\u00e7\u00f5es que trouxeram o homem para construir as grandes civiliza\u00e7\u00f5es. S\u00e3o conhecidos e desenvolvidos os aspectos das geogra\ufb01a, atividades, inven\u00e7\u00f5es, comunidades, habita\u00e7\u00f5es e religi\u00e3o.Com imagens que ser\u00e3o organizadas pelas crian\u00e7as na correspondente faixa muda. Com um livro para o professor que explica os acontecimentos e o signi\ufb01cado de cada imagem.<\/p>\n","protected":false},"featured_media":68,"comment_status":"closed","ping_status":"closed","template":"","meta":[],"_links":{"self":[{"href":"https:\/\/www.edictiosapiens.com\/edictiosapiens\/wp-json\/wp\/v2\/product\/85"}],"collection":[{"href":"https:\/\/www.edictiosapiens.com\/edictiosapiens\/wp-json\/wp\/v2\/product"}],"about":[{"href":"https:\/\/www.edictiosapiens.com\/edictiosapiens\/wp-json\/wp\/v2\/types\/product"}],"replies":[{"embeddable":true,"href":"https:\/\/www.edictiosapiens.com\/edictiosapiens\/wp-json\/wp\/v2\/comments?post=85"}],"wp:featuredmedia":[{"embeddable":true,"href":"https:\/\/www.edictiosapiens.com\/edictiosapiens\/wp-json\/wp\/v2\/media\/68"}],"wp:attachment":[{"href":"https:\/\/www.edictiosapiens.com\/edictiosapiens\/wp-json\/wp\/v2\/media?parent=85"}],"curies":[{"name":"wp","href":"https:\/\/api.w.org\/{rel}","templated":true}]}}